**3 + 13*b**2 + 14*b - 7. Give x(14).
-7
Let m(n) = n**3 - 4*n**2 + n + 5. Calculate m(4).
9
Let d(u) = u**2 - 4*u + 6. Give d(5).
11
Let o(q) = -q**2 - 15*q + 36. Determine o(-14).
50
Let w(v) = 5*v**3 + v. What is w(-1)?
-6
Let m(p) = -p**3 + 10*p**2 - 7*p + 11. What is m(5)?
101
Let x(k) = 4*k - 11. Calculate x(7).
17
Let m(v) = v**2 - 21*v + 46. Give m(19).
8
Let i(s) = -s**2 + 13*s - 20. Calculate i(11).
2
Let b(w) = -3*w + 1. Determine b(-5).
16
Let g(a) = a**2 + 2*a - 4. What is g(-4)?
4
Let f(m) = -2*m**2 + 2*m - 13. What is f(5)?
-53
Let q(j) = -j**3 - 6*j**2 - 9*j - 5. Calculate q(-5).
15
Let q(u) = u**2 - 11*u - 25. What is q(14)?
17
Let x(i) = 12*i**3 + i**2 - i - 1. Give x(-1).
-11
Let z(a) = -a**2 - 39*a + 171. Determine z(-43).
-1
Let s(c) = -c**2 - 14*c - 15. Give s(-14).
-15
Let o(w) = -61*w - 4. Calculate o(1).
-65
Let w(t) = -12*t + 116. Determine w(10).
-4
Let j(k) = -11*k + 1. What is j(1)?
-10
Let r(o) = -o**2 + 13*o + 3. Determine r(9).
39
Let z(f) = -f**3 + 6*f**2 - 8*f. Calculate z(5).
-15
Let v(r) = -r**2 + 2. Determine v(-2).
-2
Let v(n) = -106*n**2 + n + 2. Calculate v(-1).
-105
Let d(r) = -r**3 - 22*r**2 - 19. What is d(-22)?
-19
Let y(o) = -6*o - 4. Determine y(3).
-22
Let d(h) = -h**2 + 6*h - 14. Calculate d(10).
-54
Let k(b) = -3*b**2 - 5*b + 4. Give k(-3).
-8
Let a(r) = r**2 + 42*r + 157. Calculate a(-4).
5
Let l(g) = 53*g**2. Give l(-1).
53
Let p(i) = i**3 + i**2 + i - 5. Calculate p(-4).
-57
Let k(x) = -x**2 - 4*x. Determine k(1).
-5
Let q(n) = 4*n. What is q(8)?
32
Let m(p) = -p**3 + 7*p**2 - 11*p + 28. Give m(6).
-2
Let a(h) = -21*h + 188. Calculate a(9).
-1
Let c(z) = 4*z + 8. Calculate c(5).
28
Let c(o) = -37*o - 190. What is c(-5)?
-5
Let z(a) = 99*a**2 + 3. What is z(-1)?
102
Let v(g) = 10*g + 97. Calculate v(-10).
-3
Let d(j) = -2*j - 33. Determine d(-16).
-1
Let g(q) = 30*q + 209. Determine g(-7).
-1
Let o(g) = -2*g**3 - 8*g**2 + 5*g - 23. What is o(-5)?
2
Let z(h) = h**2 + 34*h - 104. What is z(-37)?
7
Let h(n) = 2*n**2 + 14*n + 15. What is h(-2)?
-5
Let r(p) = p**3 + 7*p**2 + 23*p + 102. Give r(-6).
0
Let g(m) = 17*m**3 + m**2 + 2*m + 3. What is g(-2)?
-133
Let u(l) = l**2 - 12*l - 220. What is u(22)?
0
Let t(l) = 12*l + 92. What is t(-8)?
-4
Let p(k) = -3*k**2 + 28*k - 8. Give p(7).
41
Let h(r) = -r**2 + 13*r + 19. What is h(13)?
19
Let q(u) = -2*u - 2. Calculate q(-7).
12
Let i(l) = -l**3 - 6*l**2 + 6*l - 4. Give i(-7).
3
Let d(c) = -37*c**2 + 7*c - 3. Determine d(2).
-137
Let k(s) = 16*s**3 + 3*s**2 - 3*s + 2. What is k(2)?
136
Let g(s) = 8*s + 116. Determine g(-22).
-60
Let a(q) = -7*q - 47. Determine a(-6).
-5
Let z(w) = -w + 22. Calculate z(8).
14
Let m(d) = -d**2 + 18*d - 76. What is m(8)?
4
Let r(s) = s**2 + 12*s - 101. What is r(-18)?
7
Let n(x) = x**2 - 6*x + 8. Calculate n(8).
24
Let a(d) = -2*d**2 + 2*d - 7. Determine a(5).
-47
Let z(t) = t**3 + 26*t**2 - 6*t - 151. What is z(-26)?
5
Let z(c) = 10*c - 11. Give z(5).
39
Let j(p) = 8*p - 5. Give j(-1).
-13
Let c(z) = -z**3 - 3*z**2 - 2*z - 23. Determine c(-4).
1
Let h(z) = -2*z - 9. What is h(-7)?
5
Let z(k) = 7*k - 15. Give z(3).
6
Let p(w) = -w. What is p(-5)?
5
Let a(m) = 2*m - 19. Calculate a(15).
11
Let w(o) = 3*o**2 - 30*o + 8. Determine w(12).
80
Let b(l) = l**2 + 4*l - 6. Give b(-6).
6
Let r(v) = v**3 + 13*v**2 + 13*v + 17. Determine r(-12).
5
Let o(t) = -t**2 - 49*t - 592. Determine o(-27).
2
Let i(t) = t + 11. What is i(-7)?
4
Let s(y) = 2*y**2 + 24*y - 22. Give s(-15).
68
Let r(b) = b**2 + 18*b + 2. What is r(-19)?
21
Let u(x) = 21*x**3 + x**2. Give u(-1).
-20
Let s(x) = -2*x**2 - 17*x + 22. What is s(-10)?
-8
Let z(s) = 7*s + 4. Give z(3).
25
Let t(q) = -2*q - 32. Calculate t(-19).
6
Let c(j) = -4*j + 7. What is c(3)?
-5
Let v(d) = d**3 - 7*d**2 - 4*d - 8. Give v(7).
-36
Let d(s) = -s + 10. Determine d(3).
7
Let q(o) = -o - 1. Give q(-14).
13
Let a(q) = -21*q**2 - q - 3. Calculate a(-2).
-85
Let c(l) = 4*l + 2. Determine c(-7).
-26
Let d(p) = -2*p**3 - 35*p**2 - 17*p - 8. Determine d(-17).
-8
Let r(h) = 3*h**3 - 3*h**2 + 4*h - 4. Determine r(3).
62
Let w(a) = -8*a**2 - 2. Calculate w(2).
-34
Let l(t) = -t**3 - 11*t**2 + 11*t + 7. Determine l(-12).
19
Let p(a) = -25*a + 87. Calculate p(3).
12
Let y(h) = h**2 + 7*h - 8. Calculate y(-8).
0
Let b(c) = -c**3 + c. Determine b(2).
-6
Let m(j) = -2*j - 17. Determine m(-7).
-3
Let w(i) = -2*i**3 + 13*i**2 - 4*i + 3. Determine w(6).
15
Let r(l) = -l**2 + 7*l - 1. Calculate r(5).
9
Let m(r) = -r - 1. Determine m(-1).
0
Let n(b) = -b**3 + 4*b**2 - 5*b. What is n(3)?
-6
Let i(n) = -19*n**3 + n - 1. Give i(1).
-19
Let d(u) = -u**3 - 7*u**2 - 13*u + 4. Calculate d(-4).
8
Let d(u) = 3*u**3 + 4*u**2 - 3*u - 4. Give d(-2).
-6
Let v(w) = w**2 + 22*w - 413. Calculate v(12).
-5
Let q(o) = -o**3 + 33*o**2 + 32*o + 61. Give q(34).
-7
Let g(q) = -q**3 + 13*q**2 + 13*q + 13. Give g(14).
-1
Let y(w) = -w**3 + 2*w**2 + 14*w - 7. Give y(4).
17
Let b(j) = -j**2 + 6. What is b(5)?
-19
Let t(s) = -s**2 - s + 63. Determine t(0).
63
Let y(g) = g**3 - 2*g**2 - 1. Determine y(1).
-2
Let j(y) = y**3 + 3*y**2 - y - 4. Calculate j(0).
-4
Let a(x) = 6*x - 17. What is a(8)?
31
Let n(s) = -s + 9. Determine n(11).
-2
Let l(y) = y**2 + 4*y. What is l(-3)?
-3
Let y(v) = -v**2 - 4*v - 3. Give y(-5).
-8
Let v(b) = -7*b**3 + 13*b**2 + 2*b + 5. Calculate v(2).
5
Let q(b) = -2*b**2 - 30*b - 10. Calculate q(-13).
42
Let w(l) = -3*l**2 - 3*l - 1. Determine w(-1).
-1
Let y(f) = 9*f - 131. Determine y(13).
-14
Let o(j) = 24*j + 213. What is o(-9)?
-3
Let h(g) = g**2 - 13*g + 28. Give h(9).
-8
Let l(a) = -a**3 + 11*a**2 + 13*a - 10. Calculate l(12).
2
Let d(q) = -q**3 + 4*q**2 - 2*q - 1. What is d(3)?
2
Let z(y) = -6*y + 61. What is z(8)?
13
Let s(f) = 5*f**3 - 2*f**2 - 3*f + 3. What is s(2)?
29
Let w(p) = -p**2. Calculate w(-3).
-9
Let z(v) = 3*v**2 + 37*v + 116. Calculate z(-7).
4
Let f(x) = 23*x - 59. Calculate f(3).
10
Let u(w) = 19*w - 2. Determine u(-3).
-59
Let k(d) = d**3 - 18*d**2 - 88*d - 4. Determine k(22).
-4
Let i(b) = -b**3 + b**2 + 9*b - 4. What is i(4)?
-16
Let u(v) = -v**2 - 9*v - 10. Calculate u(-8).
-2
Let d(k) = k**3 + 12*k**2 - 19*k - 13. Calculate d(-13).
65
Let g(k) = k**2 - 13*k - 36. Calculate g(15).
-6
Let o(y) = y**3 + 2*y**2 + 4*y + 7. Determine o(-3).
-14
Let r(i) = -i**2 - 13*i - 21. What is r(-12)?
-9
Let x(h) = 2*h**2 + 32*h + 10. Give x(-16).
10
Let j(a) = -a**3 - 6*a**2 + 2*a - 7. Determine j(-7).
28
Let w(z) = -z**2 + 8*z + 7. Give w(8).
7
Let y(a) = a**3 - 2*a**2 - 5*a. Give y(5).
50
Let k(r) = -9*r + 2. Calculate k(4).
-34
Let c(i) = i**3 + 9*i**2 - 2*i - 9. Determine c(-9).
9
Let q(g) = g**3 - g - 42. Calculate q(0).
-42
Let p(y) = 2*y**3 - 6*y**2 + 3*y + 6. Determine p(3).
15
Let d(s) = -24*s - 11. What is d(-4)?
85
Let g(b) = -b**2 - 6*b + 39. Give g(-10).
-1
Let w(y) = 7*y - 151. Determine w(15).
-46
Let g(m) = m**3 + 21*m**2 - 72*m + 9. Give g(-24).
9
Let p(g) = -g**3 + 7*g**2 + 6*g + 14. Give p(8).
-2
Let d(u) = -u**2 + 2*u - 1. What is d(2)?
-1
Let u(z) = 3*z**2 + 3. Determine u(3).
30
Let a(r) = r**3 - 8*r**2 + 2*r - 20. What is a(8)?
-4
Let b(p) = p**2 - 2*p + 3. Determine b(1).
2
Let o(m) = -4*m - 1. Determine o(3).
-13
Let b(z) = -z**2 + 17*z + 6. What is b(17)?
6
Let s(a) = a**2 + 13*a - 25. What is s(-14)?
-11
Let j(k) = k - 19. Give j(21).
2
Let p(f) = 15*f + 6. Determine p(-1).
-9
Let x(a) = -a**3 - 2*a**2 - a - 4. Calculate x(-3).
8
Let t(p) = p**2 - 7*p - 5. Calculate t(8).
3
Let q(y) = 28*y - 173. Give q(6).
-5
Let k(q) = -q**2 + 5*q - 3. Give k(2).
3
Let y(x) = -2*x**2 - x - 4. Calculate y(-4).
-32
Let g(w) = w**2 + 14*w + 45. Give g(-14).
45
Let d(m) = m**2 - 12*m + 1. What is d(5)?
-34
Let i(p) = -3*p + 19. Give i(13).
-20
Let k(g) = g**2 - 6*g + 2. What is k(4)?
-6
Let x(j) = -17*j - 14. Determine x(-2).
20
Let u(d) = d + 23. Determine u(-23).
0
Let j(n) = 3*n**3 + n. Calculate j(-1).
-4
Let z(o) = o**2 - o - 24. Give z(0).
-24
Let g(y) = -2*y**3 - 8*y**2 + 6*y + 6. What is g(-4)?
-18
Let u(g) = g**3 + 52*g**2 - 108*g - 34. What is u(-54)?
-34
Let r(b) = -b + 1. Determine r(6).
-5
Let k(d) = -142*d**2 + d. What is k(1)?
-141
Let w(u) = -4*u + 91. Determine w(25).
-9
Let j(z) = z**3 - 5*z**2 + z + 5. Give j(4).
-7
Let n(t) = t**2 - 3*t + 2. Calculate n(0).
2
Let m(q) =